[INFO] cloning repository https://github.com/shockham/terr_3d
[INFO] running `Command { std: "git" "-c" "credential.helper=" "-c" "credential.helper=/workspace/cargo-home/bin/git-credential-null" "clone" "--bare" "https://github.com/shockham/terr_3d" "/workspace/cache/git-repos/https%3A%2F%2Fgithub.com%2Fshockham%2Fterr_3d", kill_on_drop: false }`
[INFO] [stderr] Cloning into bare repository '/workspace/cache/git-repos/https%3A%2F%2Fgithub.com%2Fshockham%2Fterr_3d'...
[INFO] running `Command { std: "git" "rev-parse" "HEAD", kill_on_drop: false }`
[INFO] [stdout] c01c499781b067a1d0b9b8794cfda9b112527ac1
[INFO] checking shockham/terr_3d against try#72f88fc4e9458f89516a0b8b0868f3718aec5b47 for pr-74989
[INFO] running `Command { std: "git" "clone" "/workspace/cache/git-repos/https%3A%2F%2Fgithub.com%2Fshockham%2Fterr_3d" "/workspace/builds/worker-3/source", kill_on_drop: false }`
[INFO] [stderr] Cloning into '/workspace/builds/worker-3/source'...
[INFO] [stderr] done.
[INFO] validating manifest of git repo https://github.com/shockham/terr_3d on toolchain 72f88fc4e9458f89516a0b8b0868f3718aec5b47
[INFO] running `Command { std: "/workspace/cargo-home/bin/cargo" "+72f88fc4e9458f89516a0b8b0868f3718aec5b47" "read-manifest" "--manifest-path" "Cargo.toml", kill_on_drop: false }`
[INFO] started tweaking git repo https://github.com/shockham/terr_3d
[INFO] finished tweaking git repo https://github.com/shockham/terr_3d
[INFO] tweaked toml for git repo https://github.com/shockham/terr_3d written to /workspace/builds/worker-3/source/Cargo.toml
[INFO] crate git repo https://github.com/shockham/terr_3d already has a lockfile, it will not be regenerated
[INFO] running `Command { std: "/workspace/cargo-home/bin/cargo" "+72f88fc4e9458f89516a0b8b0868f3718aec5b47" "fetch" "--locked" "--manifest-path" "Cargo.toml", kill_on_drop: false }`
[INFO] [stderr]     Blocking waiting for file lock on package cache
[INFO] [stderr]     Blocking waiting for file lock on package cache
[INFO] [stderr]  Downloading crates ...
[INFO] [stderr]   Downloaded paste v0.1.18
[INFO] [stderr]   Downloaded paste-impl v0.1.18
[INFO] [stderr]   Downloaded simdnoise v3.1.6
[INFO] running `Command { std: "docker" "create" "-v" "/var/lib/crater-agent-workspace/builds/worker-3/target:/opt/rustwide/target:rw,Z" "-v" "/var/lib/crater-agent-workspace/builds/worker-3/source:/opt/rustwide/workdir:ro,Z" "-v" "/var/lib/crater-agent-workspace/cargo-home:/opt/rustwide/cargo-home:ro,Z" "-v" "/var/lib/crater-agent-workspace/rustup-home:/opt/rustwide/rustup-home:ro,Z" "-e" "SOURCE_DIR=/opt/rustwide/workdir" "-e" "CARGO_TARGET_DIR=/opt/rustwide/target" "-e" "CARGO_HOME=/opt/rustwide/cargo-home" "-e" "RUSTUP_HOME=/opt/rustwide/rustup-home" "-w" "/opt/rustwide/workdir" "-m" "1610612736" "--user" "0:0" "--network" "none" "rustops/crates-build-env@sha256:d92eaeed33fa75130ca1ee6c8a01d1ffb62bac859dfdfb3450e3e5d1c0146529" "/opt/rustwide/cargo-home/bin/cargo" "+72f88fc4e9458f89516a0b8b0868f3718aec5b47" "metadata" "--no-deps" "--format-version=1", kill_on_drop: false }`
[INFO] [stdout] 67dd62883f21efdc96bfb1c1db345514a6a6341344598f8ccf970e18f93aa9d9
[INFO] [stderr] WARNING: Your kernel does not support swap limit capabilities or the cgroup is not mounted. Memory limited without swap.
[INFO] running `Command { std: "docker" "start" "-a" "67dd62883f21efdc96bfb1c1db345514a6a6341344598f8ccf970e18f93aa9d9", kill_on_drop: false }`
[INFO] running `Command { std: "docker" "inspect" "67dd62883f21efdc96bfb1c1db345514a6a6341344598f8ccf970e18f93aa9d9", kill_on_drop: false }`
[INFO] running `Command { std: "docker" "rm" "-f" "67dd62883f21efdc96bfb1c1db345514a6a6341344598f8ccf970e18f93aa9d9", kill_on_drop: false }`
[INFO] [stdout] 67dd62883f21efdc96bfb1c1db345514a6a6341344598f8ccf970e18f93aa9d9
[INFO] running `Command { std: "docker" "create" "-v" "/var/lib/crater-agent-workspace/builds/worker-3/target:/opt/rustwide/target:rw,Z" "-v" "/var/lib/crater-agent-workspace/builds/worker-3/source:/opt/rustwide/workdir:ro,Z" "-v" "/var/lib/crater-agent-workspace/cargo-home:/opt/rustwide/cargo-home:ro,Z" "-v" "/var/lib/crater-agent-workspace/rustup-home:/opt/rustwide/rustup-home:ro,Z" "-e" "SOURCE_DIR=/opt/rustwide/workdir" "-e" "CARGO_TARGET_DIR=/opt/rustwide/target" "-e" "CARGO_INCREMENTAL=0" "-e" "RUST_BACKTRACE=full" "-e" "RUSTFLAGS=--cap-lints=forbid" "-e" "CARGO_HOME=/opt/rustwide/cargo-home" "-e" "RUSTUP_HOME=/opt/rustwide/rustup-home" "-w" "/opt/rustwide/workdir" "-m" "1610612736" "--user" "0:0" "--network" "none" "rustops/crates-build-env@sha256:d92eaeed33fa75130ca1ee6c8a01d1ffb62bac859dfdfb3450e3e5d1c0146529" "/opt/rustwide/cargo-home/bin/cargo" "+72f88fc4e9458f89516a0b8b0868f3718aec5b47" "check" "--frozen" "--all" "--all-targets" "--message-format=json", kill_on_drop: false }`
[INFO] [stdout] e77c0c06507ce5638cd85e08bbd3595172c8be68316aff1ab1a68e13ced3585c
[INFO] [stderr] WARNING: Your kernel does not support swap limit capabilities or the cgroup is not mounted. Memory limited without swap.
[INFO] running `Command { std: "docker" "start" "-a" "e77c0c06507ce5638cd85e08bbd3595172c8be68316aff1ab1a68e13ced3585c", kill_on_drop: false }`
[INFO] [stderr]    Compiling libc v0.2.74
[INFO] [stderr]    Compiling byteorder v1.3.4
[INFO] [stderr]    Compiling maybe-uninit v2.0.0
[INFO] [stderr]    Compiling bitflags v1.2.1
[INFO] [stderr]    Compiling proc-macro2 v0.4.30
[INFO] [stderr]    Compiling pkg-config v0.3.18
[INFO] [stderr]    Compiling khronos_api v3.1.0
[INFO] [stderr]    Compiling unicode-xid v0.1.0
[INFO] [stderr]    Compiling cfg-if v0.1.10
[INFO] [stderr]    Compiling libloading v0.6.2
[INFO] [stderr]     Checking rand_core v0.4.2
[INFO] [stderr]    Compiling nix v0.14.1
[INFO] [stderr]     Checking void v1.0.2
[INFO] [stderr]    Compiling proc-macro2 v1.0.19
[INFO] [stderr]    Compiling syn v1.0.38
[INFO] [stderr]     Checking adler32 v1.2.0
[INFO] [stderr]     Checking xdg v2.2.0
[INFO] [stderr]    Compiling proc-macro-hack v0.5.18
[INFO] [stderr]     Checking percent-encoding v2.1.0
[INFO] [stderr]     Checking either v1.5.3
[INFO] [stderr]    Compiling fnv v1.0.7
[INFO] [stderr]     Checking rawpointer v0.2.1
[INFO] [stderr]    Compiling cgmath v0.16.1
[INFO] [stderr]     Checking ordermap v0.3.5
[INFO] [stderr]     Checking mint v0.5.5
[INFO] [stderr]     Checking hound v3.4.0
[INFO] [stderr]     Checking bytemuck v1.3.1
[INFO] [stderr]     Checking fps_counter v1.0.0
[INFO] [stderr]    Compiling num-traits v0.2.12
[INFO] [stderr]    Compiling memoffset v0.5.5
[INFO] [stderr]    Compiling num-integer v0.1.43
[INFO] [stderr]    Compiling num-complex v0.2.4
[INFO] [stderr]    Compiling num-iter v0.1.41
[INFO] [stderr]    Compiling rayon v1.3.1
[INFO] [stderr]    Compiling minimp3-sys v0.3.2
[INFO] [stderr]    Compiling imgui-sys v0.3.0
[INFO] [stderr]    Compiling num-rational v0.3.0
[INFO] [stderr]    Compiling rand_pcg v0.1.2
[INFO] [stderr]    Compiling rand_chacha v0.1.1
[INFO] [stderr]    Compiling rand v0.6.5
[INFO] [stderr]    Compiling standback v0.2.9
[INFO] [stderr]    Compiling time v0.2.16
[INFO] [stderr]     Checking miniz_oxide v0.3.7
[INFO] [stderr]     Checking inflate v0.3.4
[INFO] [stderr]     Checking rand_core v0.3.1
[INFO] [stderr]     Checking rand_jitter v0.1.4
[INFO] [stderr]     Checking miniz_oxide v0.4.0
[INFO] [stderr]     Checking gif v0.9.2
[INFO] [stderr]     Checking matrixmultiply v0.2.3
[INFO] [stderr]    Compiling log v0.4.11
[INFO] [stderr]     Checking petgraph v0.4.13
[INFO] [stderr]     Checking rand_isaac v0.1.1
[INFO] [stderr]     Checking rand_hc v0.1.0
[INFO] [stderr]     Checking rand_xorshift v0.1.1
[INFO] [stderr]    Compiling x11-dl v2.18.5
[INFO] [stderr]    Compiling alsa-sys v0.1.2
[INFO] [stderr]     Checking crossbeam-queue v0.2.3
[INFO] [stderr]     Checking smallvec v0.6.13
[INFO] [stderr]     Checking dlib v0.4.2
[INFO] [stderr]    Compiling gl_generator v0.13.1
[INFO] [stderr]    Compiling gl_generator v0.14.0
[INFO] [stderr]     Checking crossbeam-epoch v0.8.2
[INFO] [stderr]     Checking wayland-sys v0.23.6
[INFO] [stderr]     Checking stb_truetype v0.3.1
[INFO] [stderr]     Checking deflate v0.7.20
[INFO] [stderr]     Checking ogg v0.7.0
[INFO] [stderr]     Checking deflate v0.8.6
[INFO] [stderr]     Checking tiff v0.5.0
[INFO] [stderr]     Checking bincode v1.3.1
[INFO] [stderr]    Compiling paste-impl v0.1.18
[INFO] [stderr]     Checking crossbeam-deque v0.7.3
[INFO] [stderr]     Checking lewton v0.9.4
[INFO] [stderr]    Compiling quote v1.0.7
[INFO] [stderr]    Compiling quote v0.6.13
[INFO] [stderr]     Checking iovec v0.1.4
[INFO] [stderr]     Checking net2 v0.2.34
[INFO] [stderr]     Checking parking_lot_core v0.7.2
[INFO] [stderr]     Checking memmap v0.7.0
[INFO] [stderr]     Checking rand v0.4.6
[INFO] [stderr]     Checking raw-window-handle v0.3.3
[INFO] [stderr]     Checking num_cpus v1.13.0
[INFO] [stderr]     Checking shared_library v0.1.9
[INFO] [stderr]     Checking backtrace v0.3.50
[INFO] [stderr]     Checking rand_os v0.1.3
[INFO] [stderr]     Checking slice-deque v0.3.0
[INFO] [stderr]     Checking rand v0.5.6
[INFO] [stderr]     Checking time v0.1.43
[INFO] [stderr]     Checking png v0.16.7
[INFO] [stderr]    Compiling wayland-scanner v0.23.6
[INFO] [stderr]     Checking approx v0.3.2
[INFO] [stderr]     Checking ordered-float v1.1.0
[INFO] [stderr]     Checking num-traits v0.1.43
[INFO] [stderr]     Checking line_drawing v0.7.0
[INFO] [stderr]     Checking mio v0.6.22
[INFO] [stderr]     Checking parking_lot v0.10.2
[INFO] [stderr]     Checking rayon-core v1.7.1
[INFO] [stderr]     Checking osmesa-sys v0.1.2
[INFO] [stderr]     Checking cpal v0.8.2
[INFO] [stderr]     Checking paste v0.1.18
[INFO] [stderr]     Checking enum_primitive v0.1.1
[INFO] [stderr]     Checking minimp3 v0.3.5
[INFO] [stderr]     Checking rand v0.3.23
[INFO] [stderr]    Compiling glutin_glx_sys v0.1.6
[INFO] [stderr]    Compiling glutin_egl_sys v0.1.4
[INFO] [stderr]     Checking rusttype v0.8.3
[INFO] [stderr]    Compiling glium v0.26.0
[INFO] [stderr]     Checking num-rational v0.2.4
[INFO] [stderr]     Checking num-rational v0.1.42
[INFO] [stderr]     Checking simdeez v1.0.6
[INFO] [stderr]     Checking cgmath v0.14.1
[INFO] [stderr]     Checking alga v0.9.3
[INFO] [stderr]     Checking png v0.11.0
[INFO] [stderr]     Checking mio-extras v2.0.6
[INFO] [stderr]     Checking rusttype v0.7.9
[INFO] [stderr]     Checking andrew v0.2.1
[INFO] [stderr]    Compiling wayland-client v0.23.6
[INFO] [stderr]    Compiling wayland-protocols v0.23.6
[INFO] [stderr]     Checking nalgebra v0.18.1
[INFO] [stderr]     Checking calloop v0.4.4
[INFO] [stderr]     Checking wayland-commons v0.23.6
[INFO] [stderr]     Checking genmesh v0.6.2
[INFO] [stderr]     Checking rodio v0.8.1
[INFO] [stderr]     Checking obj v0.9.1
[INFO] [stderr]     Checking jpeg-decoder v0.1.20
[INFO] [stderr]     Checking impose v0.3.0
[INFO] [stderr]     Checking image v0.18.0
[INFO] [stderr]     Checking image v0.23.8
[INFO] [stderr]     Checking simdnoise v3.1.6
[INFO] [stderr]    Compiling darling_core v0.10.2
[INFO] [stderr]     Checking noise v0.6.0
[INFO] [stderr]    Compiling time-macros-impl v0.1.1
[INFO] [stderr]    Compiling serde_derive v1.0.114
[INFO] [stderr]    Compiling darling_macro v0.10.2
[INFO] [stderr]     Checking time-macros v0.1.0
[INFO] [stderr]     Checking smithay-client-toolkit v0.6.6
[INFO] [stderr]    Compiling darling v0.10.2
[INFO] [stderr]    Compiling derive_builder_core v0.9.0
[INFO] [stderr]     Checking winit v0.21.0
[INFO] [stderr]    Compiling derive_builder v0.9.0
[INFO] [stderr]     Checking glutin v0.23.0
[INFO] [stderr]     Checking volition v0.1.1
[INFO] [stderr]     Checking ncollide3d v0.19.2
[INFO] [stderr]     Checking imgui v0.3.0
[INFO] [stderr]     Checking glium_text_rusttype v0.3.3
[INFO] [stderr]     Checking nphysics3d v0.11.1
[INFO] [stderr]     Checking imgui-glium-renderer v0.3.0
[INFO] [stderr]     Checking caper v0.12.0 (https://github.com/shockham/caper#465b8496)
[INFO] [stderr]     Checking terr_3d v0.1.0 (/opt/rustwide/workdir)
[INFO] [stdout] error[E0599]: no method named `setup` found for tuple `(caper::game::Game<Tags>, caper::glium::glutin::event_loop::EventLoop<()>)` in the current scope
[INFO] [stdout]   --> src/main.rs:36:26
[INFO] [stdout]    |
[INFO] [stdout] 36 |     let mut state = game.setup();
[INFO] [stdout]    |                          ^^^^^ method not found in `(caper::game::Game<Tags>, caper::glium::glutin::event_loop::EventLoop<()>)`
[INFO] [stdout]    |
[INFO] [stdout]    = help: items from traits can only be used if the trait is implemented and in scope
[INFO] [stdout] note: `Setup` defines an item `setup`, perhaps you need to implement it
[INFO] [stdout]   --> src/setup.rs:10:1
[INFO] [stdout]    |
[INFO] [stdout] 10 | pub trait Setup {
[INFO] [stdout]    | ^^^^^^^^^^^^^^^
[INFO] [stdout] 
[INFO] [stdout] 
[INFO] [stdout] error[E0599]: no method named `update` found for tuple `(caper::game::Game<Tags>, caper::glium::glutin::event_loop::EventLoop<()>)` in the current scope
[INFO] [stdout]   --> src/main.rs:40:27
[INFO] [stdout]    |
[INFO] [stdout] 40 |         let status = game.update(
[INFO] [stdout]    |                           ^^^^^^ method not found in `(caper::game::Game<Tags>, caper::glium::glutin::event_loop::EventLoop<()>)`
[INFO] [stdout] 
[INFO] [stdout] 
[INFO] [stdout] warning: unused import: `setup::Setup`
[INFO] [stdout]   --> src/main.rs:18:5
[INFO] [stdout]    |
[INFO] [stdout] 18 | use setup::Setup;
[INFO] [stdout]    |     ^^^^^^^^^^^^
[INFO] [stdout]    |
[INFO] [stdout]    = note: `#[warn(unused_imports)]` on by default
[INFO] [stdout] 
[INFO] [stdout] 
[INFO] [stdout] error: aborting due to 2 previous errors; 1 warning emitted
[INFO] [stdout] 
[INFO] [stdout] 
[INFO] [stdout] For more information about this error, try `rustc --explain E0599`.
[INFO] [stdout] 
[INFO] [stderr] error: could not compile `terr_3d`.
[INFO] [stderr] 
[INFO] [stderr] To learn more, run the command again with --verbose.
[INFO] [stderr] warning: build failed, waiting for other jobs to finish...
[INFO] [stdout] error[E0599]: no method named `setup` found for tuple `(caper::game::Game<Tags>, caper::glium::glutin::event_loop::EventLoop<()>)` in the current scope
[INFO] [stdout]   --> src/main.rs:36:26
[INFO] [stdout]    |
[INFO] [stdout] 36 |     let mut state = game.setup();
[INFO] [stdout]    |                          ^^^^^ method not found in `(caper::game::Game<Tags>, caper::glium::glutin::event_loop::EventLoop<()>)`
[INFO] [stdout]    |
[INFO] [stdout]    = help: items from traits can only be used if the trait is implemented and in scope
[INFO] [stdout] note: `Setup` defines an item `setup`, perhaps you need to implement it
[INFO] [stdout]   --> src/setup.rs:10:1
[INFO] [stdout]    |
[INFO] [stdout] 10 | pub trait Setup {
[INFO] [stdout]    | ^^^^^^^^^^^^^^^
[INFO] [stdout] 
[INFO] [stdout] 
[INFO] [stdout] error[E0599]: no method named `update` found for tuple `(caper::game::Game<Tags>, caper::glium::glutin::event_loop::EventLoop<()>)` in the current scope
[INFO] [stdout]   --> src/main.rs:40:27
[INFO] [stdout]    |
[INFO] [stdout] 40 |         let status = game.update(
[INFO] [stdout]    |                           ^^^^^^ method not found in `(caper::game::Game<Tags>, caper::glium::glutin::event_loop::EventLoop<()>)`
[INFO] [stdout] 
[INFO] [stdout] 
[INFO] [stdout] warning: unused import: `setup::Setup`
[INFO] [stdout]   --> src/main.rs:18:5
[INFO] [stdout]    |
[INFO] [stdout] 18 | use setup::Setup;
[INFO] [stdout]    |     ^^^^^^^^^^^^
[INFO] [stdout]    |
[INFO] [stdout]    = note: `#[warn(unused_imports)]` on by default
[INFO] [stdout] 
[INFO] [stdout] 
[INFO] [stdout] error: aborting due to 2 previous errors; 1 warning emitted
[INFO] [stdout] 
[INFO] [stdout] 
[INFO] [stdout] For more information about this error, try `rustc --explain E0599`.
[INFO] [stdout] 
[INFO] [stderr] error: build failed
[INFO] running `Command { std: "docker" "inspect" "e77c0c06507ce5638cd85e08bbd3595172c8be68316aff1ab1a68e13ced3585c", kill_on_drop: false }`
[INFO] running `Command { std: "docker" "rm" "-f" "e77c0c06507ce5638cd85e08bbd3595172c8be68316aff1ab1a68e13ced3585c", kill_on_drop: false }`
[INFO] [stdout] e77c0c06507ce5638cd85e08bbd3595172c8be68316aff1ab1a68e13ced3585c
